 -10)*(-1 - -44). Let q = -42 - i. Calculate the remainder when 1 is divided by q.
0
Suppose 0 = -0*l + l + 9. Let x = -343 + 348. Calculate the remainder when (6/l)/(4/(-42) - 0) is divided by x.
2
Let a(r) = -6*r + 3. Let l(t) = 4*t**2 - 4*t + 10. Let q be l(3). Let x(s) = s + 44. Calculate the remainder when x(q) is divided by a(-3).
15
Let b(c) = 21*c**2 - 3*c + 1. Suppose 8*z = 2*z + 6. Let v = -61 + 151. What is the remainder when v is divided by b(z)?
14
Let s(b) = b**2 + 4 + 6*b - 25 + 3 + 0*b. Calculate the remainder when s(5) is divided by ((-100)/(-30))/((-2)/(-6)).
7
Let r(k) = -k**2 - k + 22. Let y be r(-4). Suppose -y*u = -22 - 28. Suppose -6*p + 66 = u*p. What is the remainder when 53 is divided by p?
5
Suppose -4*a + 5*a = -19*a + 840. What is the remainder when 231 is divided by a?
21
Let s be (2/(-3) + 2)/((-4)/(-18)). Suppose 0 = g + s*g. Suppose -2*n - 230 = -2*b, g = b - 5*b - n + 460. Calculate the remainder when b is divided by 20.
15
Let n = -8799 - -9143. What is the remainder when n is divided by 23?
22
What is the remainder when -29226*((-73)/6 + 13)*(-2)/5 is divided by 58?
56
Suppose 5*a - 7*a = -8. Suppose -a*o + 25 = -23. Suppose 10*c - 7*c - o = 0. Calculate the remainder when 22 is divided by c.
2
Let u(m) = 17*m - 7. Calculate the remainder when 40/((-5)/(-12 - -2)) is divided by u(2).
26
Suppose -5*p - i + 500 = 0, -5*p + 3*i + 384 = -136. Calculate the remainder when 2013 is divided by p.
94
Let j(s) = s**3 + 12*s**2 + 18*s + 138. What is the remainder when 235 is divided by j(-11)?
52
Let h(l) = 10*l**2 - 119*l + 117. Calculate the remainder when h(15) is divided by 570.
12
Let u(p) be the third derivative of p**5/30 + 19*p**4/12 - 5*p**3/6 - 5*p**2 - 15*p. What is the remainder when 418 is divided by u(-20)?
33
Suppose 38*q - 78 - 226 = 22*q. Calculate the remainder when 5888 is divided by q.
17
Suppose -33*s + 663 = -0*s + 300. Calculate the remainder when 2306 is divided by s.
7
Suppose -7*k = -n - 3*k + 50, -202 = -5*n + 4*k. What is the remainder when n is divided by 2/((-16)/(-3)) - 2*(-1480)/640?
3
What is the remainder when 1501172/1746 - 2/(-9) is divided by 86?
0
Let j(d) = d**2 - 2*d + 9. Let k(l) = -l**2 - l + 1. Let f(b) = j(b) + 2*k(b). What is the remainder when 27 is divided by f(-4)?
5
Suppose 6*o - 4*o + 4 = 0. Let t(n) = 31*n**2 + 3*n. Calculate the remainder when t(o) is divided by 40.
38
Let k = -547 - -1290. Calculate the remainder when k is divided by 359.
25
Let k(l) = -7*l**2 - 23*l + 5. Let u(c) = 4*c**2 + 11*c - 3. Let s(g) = -3*k(g) - 5*u(g). Calculate the remainder when s(-15) is divided by 12.
3
Let f be 305/2*(-20)/25. Let w = f + 176. Calculate the remainder when ((-52)/12)/((-3)/w) is divided by 16.
14
Let h(q) = -170*q + 21. Let g be h(6). Let l = g + 1719. Calculate the remainder when 94 is divided by ((-6)/5)/((-27)/l).
30
Let w = 342 + -368. Let o(y) = y**2 + 27*y + 61. Calculate the remainder when 89 is divided by o(w).
19
Let j be -141 + ((-5)/2)/((-1)/(-2)). Let x = j - -181. What is the remainder when x is divided by 18?
17
Let c = 2309 + -600. What is the remainder when c is divided by 24?
5
Calculate the remainder when 134 is divided by (-3 - (-8)/3)/(2/(-198)).
2
Suppose 15*p - 2302 = -97. What is the remainder when 601 is divided by p?
13
Suppose 0 = -48*k + 8*k - 46*k + 2494. What is the remainder when 1531 is divided by k?
23
Let q = -10406 + 10426. What is the remainder when (-33)/22*46/(-3) is divided by q?
3
Let z(j) = -j**2 + 49*j - 429. Let x = -202 - -304. What is the remainder when x is divided by z(36)?
24
Let d = 14 - -9. Suppose o - d = -5. Let f(m) = 88*m**2 - 3*m - 2. What is the remainder when f(-1) is divided by o?
17
Suppose -1152 + 81 - 117 = -9*c. What is the remainder when 141 is divided by c?
9
Let d = 1552 + -1548. Suppose -i + 2*g = -60, i = -0*i - 4*g + 54. What is the remainder when (d - 16)/6*i/(-4) is divided by 20?
9
Let t be -4 + (-11049)/(-58)*(-4)/(-6). Suppose 58 = -5*b + t. Calculate the remainder when 24 is divided by b.
11
Let x = -871 + 875. Suppose 58 - 4 = h + i, -x*h + 201 = -i. Calculate the remainder when h is divided by 17.
0
Suppose 0 = -2*u - 9 + 53. Let d be 77/11 - (4 - 1). Let p(s) = 2*s**2 - s + 33. Calculate the remainder when p(d) is divided by u.
17
Suppose -4*w = -9*w. Suppose -9*a + 350 + 19 = w. Let h = a - -29. Calculate the remainder when h is divided by 25.
20
Suppose 17*l - j = 18*l - 470, -3*l - 2*j + 1410 = 0. What is the remainder when l is divided by 177?
116
Let h = 219 + -176. Suppose m = 4*j + 612, 4*m + 1395 = 4*j + 3879. Let c = m + -367. What is the remainder when c is divided by h?
42
Let h = 2 - 8. Let f be (-1)/(4 + (-4)/(-8)*h). Calculate the remainder when (2 - 3)*f + -1 + 98 is divided by 33.
32
Suppose 10*n + 6020 = 38*n. Let g(p) = 28*p + 6. Let c be g(-3). Let i = c + 109. What is the remainder when n is divided by i?
29
Suppose -1540*x + 76 = -1539*x. Calculate the remainder when x is divided by 50.
26
Let s(n) = -33*n**3 - n**2 + 5*n + 6. Let z(w) = 5*w + 1 - 11 - 6*w + 4*w. Let k be z(3). What is the remainder when 95 is divided by s(k)?
29
Let o(c) be the third derivative of 0 + 1/2*c**4 + 3/20*c**5 - 32*c**2 - 1/120*c**6 + 0*c + 1/2*c**3. Calculate the remainder when o(10) is divided by 16.
7
Suppose -15*i + 3481 = -6299. Calculate the remainder when i is divided by 35.
22
Suppose 3*z + 48 = 54. What is the remainder when 16 is divided by 15 + (-3 - (4 - z))?
6
Suppose -438*k = -447*k + 36. Suppose 4*c - 2*d = -4*d + 44, 0 = -2*c - k*d + 22. Let j(h) = 16*h**2 - 2*h + 2. What is the remainder when j(2) is divided by c?
7
Let l = 50 + -55. Let i(b) = -b**3 - 2*b**2 + 13*b + 17. Suppose -4*t = -2*t - 154. Calculate the remainder when t is divided by i(l).
23
Suppose 2*k + 27 = 5*q + 6, -4*q + k = -15. Suppose -g = -4, q*v - 3*g + g - 7 = 0. Suppose 33 = v*a - 332. What is the remainder when a is divided by 15?
13
Let s = -158046 - -158152. What is the remainder when s is divided by (-34)/(-5) - 3/(-15)?
1
Suppose 0 = 4*r + 3*z - 27, -z + 15 = 4*r - 26. What is the remainder when 3801 is divided by r?
9
Suppose 4*n + 0*n - 48 = 0. Let f = 645 + -638. Calculate the remainder when n is divided by f.
5
Suppose -36*c - 243 + 963 = 0. Calculate the remainder when 40 is divided by c.
0
Suppose 0 = 9*r - 205 + 88. What is the remainder when 5030 is divided by r?
12
Let o(q) = -2*q**3 - 6*q**2 - 3*q - 5. Calculate the remainder when o(-4) is divided by (-110)/(-5) - (-6 - -8).
19
Let s(u) = 5*u**2 - 748*u + 464. What is the remainder when 1185 is divided by s(149)?
12
Let g be (1 - -1)/2 - (-288)/(-18). Let q = 18 + g. Suppose -3*t - q*m = -360, 6*m = -5*t + 3*m + 604. Calculate the remainder when t is divided by 32.
26
Let n = -1405 - -1439. Let r(u) = 38*u + 1. Calculate the remainder when r(8) is divided by n.
33
Suppose 3*f - 3751 = -15*f - 3319. Let v(u) = u**3 + 6*u**2 + u - 4. Calculate the remainder when f is divided by v(-5).
8
Let h be -2 + 8/32*-4. Calculate the remainder when 47 is divided by (10/(-14) + h)*91/(-26).
8
Let d(t) = -3*t**2 - 56*t - 203. Let q(p) = 2*p - 5. What is the remainder when d(-7) is divided by q(8)?
9
Calculate the remainder when (1 - 4)*(-37)/3 is divided by (-4)/(-6) - (0 + 480/(-36)) - 4.
7
Let l(s) be the second derivative of -42*s - 5/2*s**3 + 1/20*s**5 + 0 - 7/6*s**4 + 11*s**2. Calculate the remainder when 109 is divided by l(15).
21
Let s(k) = -18*k + 990. Calculate the remainder when 138 is divided by s(52).
30
Let t(i) = -18*i + 16. Calculate the remainder when t(-21) is divided by 11.
9
Suppose -6*x + 8*x = 8. Suppose -2*a + 3*t + 51 = 0, -3*t - 11 + 68 = x*a. Calculate the remainder when 64 is divided by a.
10
Let t be 2*((-324)/(-8) - -2). Let x = t + -71. Let p(n) = -n**2 + 15*n - 10. What is the remainder when 6 is divided by p(x)?
2
Suppose -30*p + 49*p - 954 = -34*p. Suppose 0 = -0*m + 5*m - 1160. Calculate the remainder when m is divided by p.
16
Let x be (-4)/(-34) - (-65090)/170. Let d = 565 - x. What is the remainder when d is divided by 4*3/((-12)/(-37))?
34
Let o(h) = 114*h**3 - 6*h + 1 - 113*h**3 + 1 + 2*h**2. What is the remainder when 231 is divided by o(2)?
3
What is the remainder when 1120 is divided by (-5)/2 - 1012/(-264) - 